
6064061
What are the prime factors of 2867341?
23, 59, 2113
What are the prime factors of 1934593?
89, 21737
List the prime factors of 6438584.
2, 804823
List the prime factors of 4242838.
2, 421, 5039
What are the prime factors of 4904085?
3, 5, 326939
What are the prime factors of 7731381?
3, 7, 23, 16007
What are the prime factors of 7752115?
5, 7, 221489
What are the prime factors of 81612?
2, 3, 2267
List the prime factors of 1301396.
2, 325349
List the prime factors of 12048399.
3, 11, 113, 359
What are the prime factors of 64600?
2, 5, 17, 19
List the prime factors of 5213015.
5, 313, 3331
What are the prime factors of 27130382?
2, 53, 255947
What are the prime factors of 3077832?
2, 3, 257, 499
List the prime factors of 667005.
3, 5, 53, 839
What are the prime factors of 2321527?
13, 43, 4153
What are the prime factors of 333480?
2, 3, 5, 7, 397
What are the prime factors of 199554?
2, 3, 79, 421
What are the prime factors of 329583?
3, 61, 1801
List the prime factors of 446029.
17, 26237
List the prime factors of 12317149.
13, 19, 47, 1061
What are the prime factors of 19107470?
2, 5, 31, 61637
What are the prime factors of 5747895?
3, 5, 42577
List the prime factors of 4532689.
7, 647527
List the prime factors of 200743.
197, 1019
List the prime factors of 1064284.
2, 13, 97, 211
List the prime factors of 21425998.
2, 11, 191, 5099
What are the prime factors of 4665830?
2, 5, 13, 19, 1889
What are the prime factors of 875806?
2, 17, 25759
List the prime factors of 666321.
3, 222107
What are the prime factors of 249213?
3, 83071
List the prime factors of 23221531.
23221531
What are the prime factors of 1532342?
2, 7, 109453
What are the prime factors of 623558?
2, 13, 29, 827
What are the prime factors of 3510268?
2, 877567
List the prime factors of 16074097.
13, 227, 419
List the prime factors of 1455070.
2, 5, 227, 641
List the prime factors of 3033956.
2, 17, 44617
List the prime factors of 4408935.
3, 5, 41, 67, 107
List the prime factors of 719053.
47, 15299
List the prime factors of 5190.
2, 3, 5, 173
What are the prime factors of 754586?
2, 7, 53899
List the prime factors of 12382677.
3, 1375853
List the prime factors of 9901904.
2, 618869
List the prime factors of 63581.
7, 31, 293
What are the prime factors of 265545?
3, 5, 7, 281
List the prime factors of 108770.
2, 5, 73, 149
List the prime factors of 8703702.
2, 3, 7, 67, 1031
What are the prime factors of 5948322?
2, 3, 991387
List the prime factors of 174035.
5, 34807
List the prime factors of 4909462.
2, 2454731
List the prime factors of 1000771.
47, 107, 199
List the prime factors of 3975717.
3, 293, 4523
List the prime factors of 171440.
2, 5, 2143
What are the prime factors of 1830173?
467, 3919
What are the prime factors of 1974710?
2, 5, 181, 1091
List the prime factors of 553772.
2, 167, 829
List the prime factors of 2860139.
571, 5009
List the prime factors of 1536458.
2, 7, 11, 907
List the prime factors of 1534694.
2, 7, 109621
List the prime factors of 1177216.
2, 17, 541
List the prime factors of 25723.
29, 887
What are the prime factors of 3086130?
2, 3, 5, 102871
What are the prime factors of 3089065?
5, 7, 88259
List the prime factors of 11270019.
3, 31, 179, 677
List the prime factors of 363376.
2, 13, 1747
List the prime factors of 1086628.
2, 271657
What are the prime factors of 5752979?
83, 69313
What are the prime factors of 17120011?
37, 79, 5857
What are the prime factors of 1251284?
2, 31, 10091
What are the prime factors of 133078?
2, 11, 23, 263
List the prime factors of 2086572.
2, 3, 41, 4241
What are the prime factors of 1031137?
1031137
List the prime factors of 745378.
2, 372689
List the prime factors of 1397773.
13, 19, 5659
List the prime factors of 1395336.
2, 3, 47, 1237
List the prime factors of 27244855.
5, 11, 495361
List the prime factors of 43810.
2, 5, 13, 337
What are the prime factors of 4109993?
101, 40693
List the prime factors of 7521217.
11, 683747
What are the prime factors of 1144140?
2, 3, 5, 19069
What are the prime factors of 293801?
79, 3719
What are the prime factors of 958675?
5, 31, 1237
List the prime factors of 4091873.
4091873
What are the prime factors of 5346832?
2, 334177
What are the prime factors of 4193003?
643, 6521
What are the prime factors of 8698089?
3, 2899363
What are the prime factors of 4327245?
3, 5, 13, 569
What are the prime factors of 146773?
11, 1213
What are the prime factors of 2387492?
2, 23, 25951
List the prime factors of 116680.
2, 5, 2917
What are the prime factors of 19266461?
19266461
What are the prime factors of 166706?
2, 19, 41, 107
What are the prime factors of 138282?
2, 3, 19, 1213
List the prime factors of 185124.
2, 3, 15427
List the prime factors of 178492.
2, 44623
What are the prime factors of 569976?
2, 3, 11, 17, 127
What are the prime factors of 203600?
2, 5, 509
List the prime factors of 197010.
2, 3, 5, 11, 199
What are the prime factors of 1019582?
2, 29, 17579
What are the prime factors of 2861973?
3, 89, 397
What are the prime factors of 2419968?
2, 3, 23, 137
What are the prime factors of 176125?
5, 1409
What are the prime factors of 21410559?
3, 2378951
List the prime factors of 1193456.
2, 11, 6781
List the prime factors of 63404.
2, 11, 131
List the prime factors of 3599300.
2, 5, 35993
List the prime factors of 278411.
7, 31, 1283
What are the prime factors of 962059?
7, 137437
What are the prime factors of 215970?
2, 3, 5, 23, 313
What are the prime factors of 915399?
3, 17, 31, 193
List the prime factors of 401296.
2, 7, 3583
List the prime factors of 10535395.
5, 13, 109, 1487
What are the prime factors of 395848?
2, 49481
List the prime factors of 11959000.
2, 5, 11959
List the prime factors of 87721.
87721
What are the prime factors of 473523?
3, 157841
What are the prime factors of 3997590?
2, 3, 5, 133253
List the prime factors of 2089649.
37, 56477
What are the prime factors of 1355749?
1355749
List the prime factors of 33043250.
2, 5, 132173
What are the prime factors of 280979?
280979
List the prime factors of 8747750.
2, 5, 11, 3181
List the prime factors of 2599041.
3, 257, 3371
What are the prime factors of 128921?
13, 47, 211
What are the prime factors of 6143358?
2, 3, 13, 17, 41, 113
What are the prime factors of 17159992?
2, 2144999
What are the prime factors of 203873?
203873
What are the prime factors of 561093?
3, 13, 14387
List the prime factors of 1707408.
2, 3, 71, 167
What are the prime factors of 225750?
2, 3, 5, 7, 43
What are the prime factors of 15464714?
2, 29, 266633
What are the prime factors of 153684?
2, 3, 1423
What are the prime factors of 18213862?
2, 9106931
List the prime factors of 777316.
2, 29, 6701
List the prime factors of 2531240.
2, 5, 63281
List the prime factors of 1114502.
2, 19, 139, 211
What are the prime factors of 3778534?
2, 1889267
What are the prime factors of 9481846?
2, 11, 31, 13903
What are the prime factors of 19068698?
2, 11, 866759
What are the prime factors of 304212?
2, 3, 101, 251
List the prime factors of 565374.
2, 3, 94229
List the prime factors of 5822196.
2, 3, 251, 1933
What are the prime factors of 3434883?
3, 43, 26627
List the prime factors of 19282352.
2, 17, 70891
List the prime factors of 153579.
3, 51193
List the prime factors of 17416.
2, 7, 311
List the prime factors of 7032744.
2, 3, 10853
List the prime factors of 892479.
3, 7, 42499
What are the prime factors of 10716482?
2, 7, 23, 1447
What are the prime factors of 1078692?
2, 3, 89891
List the prime factors of 3654457.
3654457
What are the prime factors of 239449?
7, 79, 433
List the prime factors of 1994276.
2, 79, 6311
What are the prime factors of 119029?
37, 3217
What are the prime factors of 120478?
2, 59, 1021
List the prime factors of 3850047.
3, 151, 2833
What are the prime factors of 921771?
3, 23, 61, 73
List the prime factors of 8054831.
821, 9811
What are the prime factors of 2610636?
2, 3, 7, 31079
List the prime factors of 366805.
5, 73361
What are the prime factors of 4944193?
137, 151, 239
What are the prime factors of 21080?
2, 5, 17, 31
What are the prime factors of 17191361?
11, 59, 26489
What are the prime factors of 97359?
3, 17, 23, 83
List the prime factors of 17785638.
2, 3, 13, 17, 263
What are th